y(j) + 4*f(j). Determine g(b).
-9
Suppose -5*k + k = 0. Suppose -4*u - 4*x = k, -5*u + u + 16 = -4*x. Let o(p) = -u*p + p + 0*p. Determine o(-4).
4
Let s(z) = z**2 + 6*z + 6. Suppose -4*t - 6 - 18 = 0. Determine s(t).
6
Let n = 4 - 2. Let k be ((-3)/9)/(n/(-6)). Let l(x) be the first derivative of -7*x**4/4 + x**2/2 - 1. Give l(k).
-6
Let o(s) = -13*s. Let c(l) = 32*l. Let z be (-2 + 1 - -12) + 1. Let k(h) = z*o(h) + 5*c(h). Determine k(-2).
-8
Let f(l) be the second derivative of l**4/12 - 2*l**2 - 17*l. What is f(3)?
5
Suppose 0 = y - 5*t - 14, -t + 2 + 0 = -5*y. Let g(m) be the third derivative of -7*m**5/60 + m**4/12 + m**3/6 - m**2. Give g(y).
-8
Let t(r) = 4*r. Suppose -x - 2 = n, 3*x - 5*n + 9 = 3. Calculate t(x).
-8
Let d(n) = -2*n**2 - 9 - 17*n**2 + n**3 + 12*n + 7*n**2. Give d(11).
2
Let y be (8 - 0) + (1 - 3). Let d = y - 4. Let m(w) = 5*w**3 + 2*w**2 + 3*w - 1. Let l(n) = 4*n**3 + n**2 + 3*n - 1. Let j(f) = -4*l(f) + 3*m(f). Give j(d).
-5
Let p(q) = -6*q + 1. Suppose 3*j + 14 = 8. What is p(j)?
13
Suppose 4*a + o = 24 - 8, a - 7 = -o. Let t(i) be the third derivative of -1/6*i**a + 0*i + 0 - 1/24*i**4 + i**2. Give t(4).
-5
Let r(z) = -8*z - 3. Let h(c) = -3*c + 31. Let i be h(11). Give r(i).
13
Suppose 0*b + 6 = -2*c + 4*b, 3*c - 13 = -5*b. Let m(x) = -3*x**2 + 1. Give m(c).
-2
Let f(h) = h**2 - 4*h - 2. Let k be 18/(-8)*(-24)/(-9). Let i(r) = -2*r - 7. Let t be i(k). Give f(t).
3
Let g(t) be the third derivative of 0 + 0*t - 1/24*t**4 - 5/3*t**3 - 3*t**2. Determine g(-7).
-3
Let h(b) = -b**3 - b**2 + b + 1. Let w = -40 + 76. Let p be w/21 + 10/35. Determine h(p).
-9
Let v(w) = w**2 - 4*w - 2. Let o be (-73)/(-3) + 2/3. Let h(i) = 2*i - 16. Let y be h(10). Suppose -m - y*m = -o. What is v(m)?
3
Suppose 8 = -4*f + 28. Let s(c) be the third derivative of 0 - 1/6*c**3 - 1/24*c**4 + 0*c + 3*c**2. Determine s(f).
-6
Let l(u) = u**3 - 8*u**2 + 8*u. Let c be l(7). Let d(z) = z**2 - 2. Let h(k) = k**2 - k - 3. Let f(i) = c*d(i) - 6*h(i). Give f(-5).
-1
Let q(u) be the second derivative of -u**5/10 - u**4/12 + u**3/6 - u**2 + u. Let o(g) = 2*g + 4. Let z be o(-3). What is q(z)?
8
Let q(t) = -t**3 - 2*t**2 + 1. Let c = 4 + -1. Let k(m) = 7 + m + c*m + 3*m + m**2. Let d be k(-6). What is q(d)?
-2
Let r(q) be the second derivative of -q**5/20 + 13*q**4/12 + 13*q**3/6 + 13*q**2/2 - 63*q. Give r(14).
-1
Let l be (3 - 12)*(-8)/6. Let y be 5/(-30) + 38/l. Suppose y*u = -4*h + 5, -2*u - 5 = -5*h - 6*u. Let p(n) = -n**2 + 7*n - 5. What is p(h)?
5
Let b(r) be the first derivative of -r**3/6 + r**2 + r + 3. Let q(z) be the first derivative of b(z). Give q(5).
-3
Let a(g) = -8. Let s(l) = l - 7. Let m(y) = -6*a(y) + 7*s(y). What is m(-1)?
-8
Let f = -30 - -24. Let y(v) = v**3 + 5*v**2 - 4*v - 1. Calculate y(f).
-13
Let q(x) be the first derivative of 2*x**2 - 4*x - 2. Give q(3).
8
Let c(y) = -2*y**2 + 3*y - 3. Suppose 0 = n - 1 + 2. Let j(p) = 5*p**2 - 2*p - 1. Let g be j(n). Let o = -4 + g. Calculate c(o).
-5
Let j(t) = 6*t + 1. Let c(z) = -2*z - 2. Let r(l) = -3*l - 3. Let a(p) = -5*c(p) + 3*r(p). Let y(x) = 3*a(x) - j(x). What is y(-2)?
8
Let x(n) be the first derivative of n**4/4 + 5*n**3/3 - n**2 - 6*n + 2. Let y(s) = s**3 - 8*s**2 + 7*s - 5. Let z be y(7). Determine x(z).
4
Let v be (6/6)/((-1)/(-25)). Let l(m) = -4 - 3*m**2 - 21*m + 2*m**2 + v*m. Calculate l(3).
-1
Let g = -2 - -2. Let l be 8/6 - (-1)/(-3). Let y(v) = v + g + v + l. Calculate y(4).
9
Let z(m) = 7*m**2 - 2*m + 1. Let x be ((-2)/3)/((-6)/9). Give z(x).
6
Let k(n) = -n**2 + 5*n + 0 + 3 - 3*n. Suppose 5*w - 8 = 22. Let t = w - 3. What is k(t)?
0
Let w(g) = -3*g**2 + 4*g + 1. Let n(a) = -10*a**2 + 12*a + 4. Let h(p) = -2*n(p) + 7*w(p). Let t be h(3). Let z(y) = y**3 - 4*y**2 + y - 1. Give z(t).
-7
Let h(y) = -y**3 - 3*y**2 + 4*y - 1. Let l = 6 - 6. Suppose l = 2*a + a + 12. What is h(a)?
-1
Let y(r) = 3*r**3 - r - 1. Let t(u) = u**2 + 8*u - 1. Let w be t(-7). Let g(h) = h**2 + 6*h - 11. Let s be g(w). Suppose 2*k - 3 = s*k. Give y(k).
-3
Let r = 1 - -4. Let t(x) = -1 - 3 + 3*x + 16 - x**2 - 10. Calculate t(r).
-8
Let b = 12 - 10. Let n(i) = -b*i + 7*i + i**3 - 6 + i**2 - i - 5*i. Determine n(0).
-6
Let i(q) = q - 1. Let k be i(-1). Let g(f) = f - 4. Let t be g(3). Let j(p) = -p. Let n(z) = -7*z + 1. Let w(s) = t*n(s) + 2*j(s). Calculate w(k).
-11
Let t(g) = -13*g**3 - 28*g**2 - 38*g + 19. Let n(z) = -3*z**3 - 7*z**2 - 9*z + 5. Let v(m) = -9*n(m) + 2*t(m). Give v(-6).
-1
Let n(i) = i**2 - 1. Let w be (0/2 - -1) + 0. Determine n(w).
0
Let b(v) = -3*v**2 - 3*v + 6. Let r(d) = -d**2 + d. Let c(y) = -b(y) + 2*r(y). Let q(g) = -g**3 + 3*g**2 + 2*g + 3. Let o be q(4). Determine c(o).
-6
Let z(c) be the second derivative of c**6/360 - c**5/60 - c**4/8 + 5*c**3/6 - 4*c. Let b(h) be the second derivative of z(h). Give b(3).
0
Let w(j) = -j**2 - j + 3. Let s(m) = -11*m. Let v be s(0). Calculate w(v).
3
Let k(p) = -2*p**2 + 1 + 1 - 2*p + 6*p - 1. Determine k(3).
-5
Let b(i) = 9*i + 93 - 54 - 41. Let n be -3*(-1)/(3/2). Determine b(n).
16
Let w(v) = 3*v + 12. Let b = 97 - 103. Calculate w(b).
-6
Let z(v) = 5*v**2 + 13. Suppose 5*h = 4*m - 12, 3*h + 3*m - 6*m + 6 = 0. Let a(p) = p**2 + 3. Let t(q) = h*z(q) + 18*a(q). Determine t(-2).
-6
Let z(y) = 4*y + 3. Suppose 2 + 4 = -3*h. Let j be z(h). Let u(l) = -l**2 - 4*l - 1. Determine u(j).
-6
Suppose 2*b = g - 7, 10*b + 5*g + 55 = 5*b. Let s(v) = -2*v + 4. What is s(b)?
16
Let a(x) = x - 7. Let b be a(9). Let p(t) = 1 + 5*t**2 - 4*t**b - 5. Let r be ((-1)/(-1) - 2) + -2. Give p(r).
5
Let c(y) = 5*y**3 - y**2 + 15*y + 8. Let x(r) = 9*r**3 - 3*r**2 + 29*r + 16. Let j(k) = 11*c(k) - 6*x(k). Calculate j(-8).
0
Suppose -2*a - 4 = -10, 5*a = 3*b + 27. Let m(n) = -3*n - 5. Determine m(b).
7
Let b(u) = -u. Let o be 4 + -2 + 2 - 1. Determine b(o).
-3
Let k(y) be the first derivative of y**4/4 + 2*y**3 - 7*y**2/2 - 5*y + 2. Give k(-7).
-5
Let k(i) be the second derivative of -i**3/3 - 8*i. Let v(f) = -f**3 + 5*f**2 - 5*f + 6. Let c be v(4). Give k(c).
-4
Let y(a) = -a**2 - 2*a + 4. Suppose h + 24 = 4*g, -5*h + 9*g = 4*g + 45. Give y(h).
-4
Let c(k) = k**2 + 6*k - 3. Let s be c(-7). Let z(h) = -13*h - h**2 + 13*h + s. Determine z(3).
-5
Let h(k) = -k**3 - 12*k**2 + 13*k + 3. Let l be h(-13). Let g(y) = 3*y - 1 + y**3 - 1 + 2*y**3 + 2*y**2 - 4*y**3. Give g(l).
-2
Let p(s) = -2*s**2 + s. Suppose -14 = -5*a + 3*a. Suppose -6 = 4*h + 3*c - 29, 2*h - 19 = c. Let l = a - h. Give p(l).
-3
Suppose 0*c + 10 = 2*c. Let a be 6/(-2) + (1 - c). Let w be ((-1)/3)/(a/105). Let i(d) = -d + 7. Give i(w).
2
Suppose v - 17 = -3*l, 3*l - 37 = -2*v - 3*v. Let s(f) = -2*f + f + l + 5 - 5. Give s(6).
-2
Suppose 0 = z + 2 + 3. Let n(x) = -5*x + 1. Let t(r) = -r. Let p = 1 + 3. Let a(l) = p*t(l) - n(l). What is a(z)?
-6
Let y(j) = 16*j + 61. Let t be ((-1)/(-1))/(1/11). Let o(q) = -3*q + 4 + 6*q + 11 - 3. Let g(f) = t*o(f) - 2*y(f). Determine g(-5).
5
Let n(w) = 6*w**2 + 36*w + 1. Let g(b) = -b**2 - 7*b. Let q(h) = -11*g(h) - 2*n(h). Give q(5).
-2
Let b(x) = -2*x**2 + 3*x - 3. Let t(n) = -2*n**2 + 4*n - 4. Let f(s) = -6*b(s) + 5*t(s). Determine f(2).
10
Let w(m) = 0 - m - 5 + 7. Determine w(2).
0
Let a(j) = -j**2 + j - 1. Suppose -l - 36 = -3*l. Suppose -3*m + 8*m - 26 = 3*q, l = -5*q + 2*m. Let b = -4 - q. What is a(b)?
-7
Let r(t) = 2*t + 7 - 5*t + t - 2. Let m = 5 - 10. Determine r(m).
15
Suppose 2*x + 16 = 5*o - 0, 4*x + 12 = 5*o. Let a(g) = -7 - 8*g + g**2 - o*g**2 - 3*g**2 - 2*g**3 + g**3. What is a(-5)?
8
Let p(u) = 0 + 3 + 3 - 13*u**2 - 4*u. Let s(q) = 17*q - 12*q**2 - 7*q - 6*q - 7*q + 5. Let a(c) = -4*p(c) + 5*s(c). Give a(-1).
-8
Let g(t) = t**2 + 2*t + 1. Let s = 10 + -13. What is g(s)?
4
Let s(z) = -z**3 - 5*z**2 + 17*z + 23. Let w be s(-7). Let u(h) = -h**2 - 2*h + 1. Calculate u(w).
-7
Let f(a) = -a**2 + 14*a - 31. Let z be f(11). Let o(l) be the second derivative of l + 0 - 1/12*l**4 + 5/6*l**3 + 5/2*l**z. Give o(5).
5
Let x(b) = -b**3 - 6*b**2 + 5*b - 9. Suppose -j = -5*j + g - 155, g = -j - 45. Let t be (70/j)/((-1)/(-4)). Determine x(t).
5
Let a(c) be the first derivative of -c**3/3 + 5*c**2/2 + 8*c + 6. Give a(7).
-6
Let a(x) be the third derivative of x**5/60 - x**4/3 + 4*x**3/3 + 3*x**2. Let v be a(6). Let r(b) = -b**2 - 4*b - 3. Calculate r(v).
-3
Let d(o) = 